{"id":16,"date":"2013-10-15T06:53:05","date_gmt":"2013-10-15T06:53:05","guid":{"rendered":"http:\/\/mokslosriuba.lt\/svetain%c4%97\/?page_id=16"},"modified":"2026-02-05T11:18:30","modified_gmt":"2026-02-05T09:18:30","slug":"pinigai","status":"publish","type":"page","link":"https:\/\/mokslosriuba.lt\/kartumesgalime\/pinigai\/","title":{"rendered":"Paremk"},"content":{"rendered":"\n<p>Jei Tau patinka Mokslo sriubos&nbsp;epizodai, nepraleisk progos b\u016bti m\u016bs\u0173 r\u0117m\u0117ju!<\/p>\n\n\n\n<p><strong><strong>Kaip skirti 1,2% Mokslo sriubai?<\/strong> (<a href=\"https:\/\/mokslosriuba.lt\/kartumesgalime\/2026\/02\/05\/kaip-skirti-12-mokslo-sriubos-kurimui\/\" target=\"_blank\" rel=\"noopener\" title=\"\">I\u0161sami instrukcija \u010dia<\/a>)<\/strong><\/p>\n\n\n\n<p>Prisijungiam prie sistemos&nbsp;<a href=\"https:\/\/deklaravimas.vmi.lt\" target=\"_blank\" rel=\"noopener\" title=\"\">https:\/\/deklaravimas.vmi.lt<\/a><br>Spaud\u017eiam Pildyti form\u0105<br>Pildom form\u0105 FR0512<br>Gav\u0117jo kodas: 307058678<br>Mokes\u010dio dalies paskirtis: Mokslo sriubai<\/p>\n\n\n\n<p>Pavyzdys:<\/p>\n\n\n\n<figure class=\"wp-block-image size-large is-resized\"><img loading=\"lazy\" decoding=\"async\" width=\"1024\" height=\"428\" src=\"https:\/\/mokslosriuba.lt\/kartumesgalime\/wp-content\/uploads\/2026\/02\/Parama-Mokslo-sriubai-2-1024x428.png\" alt=\"\" class=\"wp-image-8648\" style=\"width:740px;height:auto\" srcset=\"https:\/\/mokslosriuba.lt\/kartumesgalime\/wp-content\/uploads\/2026\/02\/Parama-Mokslo-sriubai-2-1024x428.png 1024w, https:\/\/mokslosriuba.lt\/kartumesgalime\/wp-content\/uploads\/2026\/02\/Parama-Mokslo-sriubai-2-300x125.png 300w, https:\/\/mokslosriuba.lt\/kartumesgalime\/wp-content\/uploads\/2026\/02\/Parama-Mokslo-sriubai-2-768x321.png 768w, https:\/\/mokslosriuba.lt\/kartumesgalime\/wp-content\/uploads\/2026\/02\/Parama-Mokslo-sriubai-2-1536x642.png 1536w, https:\/\/mokslosriuba.lt\/kartumesgalime\/wp-content\/uploads\/2026\/02\/Parama-Mokslo-sriubai-2.png 1588w\" sizes=\"auto, (max-width: 1024px) 100vw, 1024px\" \/><\/figure>\n\n\n\n<p>\ud83d\ude80<\/p>\n\n\n\n<p><strong>Mokslo sriuba Contribee platformoje<\/strong> <a href=\"https:\/\/contribee.com\/mokslo-sriuba\">https:\/\/contribee.com\/mokslo-sriuba<\/a><\/p>\n\n\n<div class=\"wp-block-image\">\n<figure class=\"alignleft\"><img loading=\"lazy\" decoding=\"async\" width=\"1024\" height=\"253\" src=\"https:\/\/mokslosriuba.lt\/kartumesgalime\/wp-content\/uploads\/2024\/08\/Patreon-Mokslo-sriuba-1024x253.png\" alt=\"\" class=\"wp-image-8194\" srcset=\"https:\/\/mokslosriuba.lt\/kartumesgalime\/wp-content\/uploads\/2024\/08\/Patreon-Mokslo-sriuba-1024x253.png 1024w, https:\/\/mokslosriuba.lt\/kartumesgalime\/wp-content\/uploads\/2024\/08\/Patreon-Mokslo-sriuba-300x74.png 300w, https:\/\/mokslosriuba.lt\/kartumesgalime\/wp-content\/uploads\/2024\/08\/Patreon-Mokslo-sriuba-768x189.png 768w, https:\/\/mokslosriuba.lt\/kartumesgalime\/wp-content\/uploads\/2024\/08\/Patreon-Mokslo-sriuba-1536x379.png 1536w, https:\/\/mokslosriuba.lt\/kartumesgalime\/wp-content\/uploads\/2024\/08\/Patreon-Mokslo-sriuba-2048x505.png 2048w\" sizes=\"auto, (max-width: 1024px) 100vw, 1024px\" \/><\/figure>\n<\/div>\n\n\n<p><\/p>\n\n\n\n<p>\ud83d\ude80<\/p>\n\n\n\n<p><strong>M\u016bs\u0173 banko s\u0105skaita:<\/strong><br>Gav\u0117jas: Mokslo sriuba, V\u0161\u012e<br>\u012emon\u0117s kodas: 307058678<br>Banko s\u0105skaita: LT193500010018207852<br>Banko pavadinimas: Paysera LT, UAB<\/p>\n\n\n\n<p>Mok\u0117jimo paskirtyje para\u0161ykite: parama.<\/p>\n\n\n\n<p>\ud83d\ude80<\/p>\n\n\n<div class=\"wp-block-image\">\n<figure class=\"alignleft\"><img loading=\"lazy\" decoding=\"async\" width=\"1024\" height=\"819\" src=\"https:\/\/mokslosriuba.lt\/kartumesgalime\/wp-content\/uploads\/2024\/02\/Aciu-Mokslo-sriuba-1024x819.jpg\" alt=\"\" class=\"wp-image-7900\" srcset=\"https:\/\/mokslosriuba.lt\/kartumesgalime\/wp-content\/uploads\/2024\/02\/Aciu-Mokslo-sriuba-1024x819.jpg 1024w, https:\/\/mokslosriuba.lt\/kartumesgalime\/wp-content\/uploads\/2024\/02\/Aciu-Mokslo-sriuba-300x240.jpg 300w, https:\/\/mokslosriuba.lt\/kartumesgalime\/wp-content\/uploads\/2024\/02\/Aciu-Mokslo-sriuba-768x614.jpg 768w, https:\/\/mokslosriuba.lt\/kartumesgalime\/wp-content\/uploads\/2024\/02\/Aciu-Mokslo-sriuba-1536x1229.jpg 1536w, https:\/\/mokslosriuba.lt\/kartumesgalime\/wp-content\/uploads\/2024\/02\/Aciu-Mokslo-sriuba.jpg 2000w\" sizes=\"auto, (max-width: 1024px) 100vw, 1024px\" \/><\/figure>\n<\/div>\n\n\n<p><\/p>\n\n\n\n<p>Kartu mes galime daugiau! A\u010di\u016b Jums! \ud83d\ude80<\/p>\n","protected":false},"excerpt":{"rendered":"<p>Jei Tau patinka Mokslo sriubos&nbsp;epizodai, nepraleisk progos b\u016bti m\u016bs\u0173 r\u0117m\u0117ju! Kaip skirti 1,2% Mokslo sriubai? (I\u0161sami instrukcija \u010dia) Prisijungiam prie sistemos&nbsp;https:\/\/deklaravimas.vmi.ltSpaud\u017eiam Pildyti form\u0105Pildom form\u0105 FR0512Gav\u0117jo kodas: 307058678Mokes\u010dio dalies paskirtis: Mokslo [&hellip;]<\/p>\n","protected":false},"author":1,"featured_media":7526,"parent":0,"menu_order":0,"comment_status":"open","ping_status":"open","template":"","meta":{"om_disable_all_campaigns":false,"_monsterinsights_skip_tracking":false,"_monsterinsights_sitenote_active":false,"_monsterinsights_sitenote_note":"","_monsterinsights_sitenote_category":0,"_themeisle_gutenberg_block_has_review":false,"footnotes":""},"class_list":["post-16","page","type-page","status-publish","has-post-thumbnail","hentry","pb-post","pb-item","pb-col-xl-4 pb-col-m-6 pb-col-s-12","pb-animate pb-animated "],"aioseo_notices":[],"_links":{"self":[{"href":"https:\/\/mokslosriuba.lt\/kartumesgalime\/wp-json\/wp\/v2\/pages\/16","targetHints":{"allow":["GET"]}}],"collection":[{"href":"https:\/\/mokslosriuba.lt\/kartumesgalime\/wp-json\/wp\/v2\/pages"}],"about":[{"href":"https:\/\/mokslosriuba.lt\/kartumesgalime\/wp-json\/wp\/v2\/types\/page"}],"author":[{"embeddable":true,"href":"https:\/\/mokslosriuba.lt\/kartumesgalime\/wp-json\/wp\/v2\/users\/1"}],"replies":[{"embeddable":true,"href":"https:\/\/mokslosriuba.lt\/kartumesgalime\/wp-json\/wp\/v2\/comments?post=16"}],"version-history":[{"count":36,"href":"https:\/\/mokslosriuba.lt\/kartumesgalime\/wp-json\/wp\/v2\/pages\/16\/revisions"}],"predecessor-version":[{"id":8669,"href":"https:\/\/mokslosriuba.lt\/kartumesgalime\/wp-json\/wp\/v2\/pages\/16\/revisions\/8669"}],"wp:featuredmedia":[{"embeddable":true,"href":"https:\/\/mokslosriuba.lt\/kartumesgalime\/wp-json\/wp\/v2\/media\/7526"}],"wp:attachment":[{"href":"https:\/\/mokslosriuba.lt\/kartumesgalime\/wp-json\/wp\/v2\/media?parent=16"}],"curies":[{"name":"wp","href":"https:\/\/api.w.org\/{rel}","templated":true}]}}