{"id":14,"date":"2013-10-15T06:51:21","date_gmt":"2013-10-15T06:51:21","guid":{"rendered":"http:\/\/mokslosriuba.lt\/svetain%c4%97\/?page_id=14"},"modified":"2026-04-01T15:34:30","modified_gmt":"2026-04-01T13:34:30","slug":"projektai","status":"publish","type":"page","link":"https:\/\/mokslosriuba.lt\/kartumesgalime\/projektai\/","title":{"rendered":"Projektai"},"content":{"rendered":"<p>2026 m. \u012fgyvendiname mokslo populiarinimo projekt\u0105 \u201eMokslas ar\u010diau tav\u0119s\u201c. \u0160\u012f projekt\u0105 i\u0161 dalies finansuoja Medij\u0173 r\u0117mimo fondas. Fondas skirs 6200 eur\u0173 param\u0105.<\/p>\n<p><img loading=\"lazy\" decoding=\"async\" class=\"\" src=\"https:\/\/mokslosriuba.lt\/kartumesgalime\/wp-content\/uploads\/2026\/04\/Mediju-remimo-fondas.png\" alt=\"\" width=\"295\" height=\"72\" \/><\/p>\n<p>2023 m. Spaudos, radijo ir televizijos r\u0117mimo fondas m\u016bs\u0173 t\u0119stiniam projektui \u201eMokslo populiarinimo laidos jaunimui\u201c skyr\u0117 5000 eur\u0173 param\u0105.<\/p>\n<p><img loading=\"lazy\" decoding=\"async\" class=\"alignnone wp-image-286\" src=\"http:\/\/mokslosriuba.lt\/kartumesgalime\/wp-content\/uploads\/2014\/01\/Remimo_fondas.jpg\" alt=\"\" width=\"210\" height=\"119\" \/><\/p>\n<p>2022 m. Spaudos, radijo ir televizijos r\u0117mimo fondas m\u016bs\u0173 t\u0119stiniam projektui \u201eMokslo populiarinimo laidos jaunimui\u201c skyr\u0117 5000 eur\u0173 param\u0105.<\/p>\n<p>2021 m. Spaudos, radijo ir televizijos r\u0117mimo fondas m\u016bs\u0173 t\u0119stiniam projektui \u201eMokslo populiarinimo laidos jaunimui\u201c skyr\u0117 5600 eur\u0173 param\u0105.<\/p>\n<p>2020 m.\u00a0Vilniaus miesto savivaldyb\u0117 finansavo m\u016bs\u0173 visuomen\u0117s aplinkosauginio \u0161vietimo projekt\u0105\u00a0\u201ePa\u017eintis su \u017ealiuoju Vilniumi pasitelkiant \u017einiasklaidos priemones\u201c.\u00a0Savivaldyb\u0117 skyr\u0117 1560 EUR param\u0105.<\/p>\n<p><img loading=\"lazy\" decoding=\"async\" class=\" wp-image-2018 alignnone\" src=\"http:\/\/mokslosriuba.lt\/kartumesgalime\/wp-content\/uploads\/2013\/10\/Vilnius-1.jpg\" alt=\"Vilnius\" width=\"151\" height=\"137\" \/><\/p>\n<p>2020 m. Spaudos, radijo ir televizijos r\u0117mimo fondas m\u016bs\u0173 t\u0119stiniam projektui \u201eMokslo populiarinimo laidos jaunimui\u201c skyr\u0117 4600 eur\u0173 param\u0105.<\/p>\n<p>2019 m. Spaudos, radijo ir televizijos r\u0117mimo fondas m\u016bs\u0173 t\u0119stiniam projektui \u201eMokslo populiarinimo laidos jaunimui\u201c skyr\u0117 6000 eur\u0173 param\u0105.<\/p>\n<p>2018 m. sausio m\u0117nes\u012f pasira\u0161\u0117me sutart\u012f su\u00a0Europos kosmoso agent\u016bra (ESA). Kosmoso agent\u016bra patvirtino m\u016bs\u0173 projekt\u0105\u00a0\u201ePromotion of Space Science and Technologies for the Youth\u201c. M\u016bs\u0173 iniciatyvai skirta 50 000 EUR parama. Projekto metu supa\u017eindinome visuomen\u0119 su Lietuvos ir Europos mokslinink\u0173 darbais kosmoso srityje, svarbiausiais mokslo laim\u0117jimais, kosmoso mokslo ir technologij\u0173 galimyb\u0117mis bei praktiniu pritaikymu. \u0160is did\u017eiul\u0117s apimties \u0161vietimo projektas vyko 2 metus.<\/p>\n<p><img loading=\"lazy\" decoding=\"async\" class=\"size-large wp-image-5051 alignnone\" src=\"http:\/\/mokslosriuba.lt\/kartumesgalime\/wp-content\/uploads\/2020\/02\/Mokslo-sriubos-ESA-projektas-1024x632.jpg\" alt=\"\" width=\"1024\" height=\"632\" \/><\/p>\n<p>2018 m. Spaudos, radijo ir televizijos r\u0117mimo fondas m\u016bs\u0173 t\u0119stiniam projektui \u201eMokslo populiarinimo laidos jaunimui\u201c skyr\u0117 4000 eur\u0173 param\u0105.<\/p>\n<p>2017 m. Spaudos, radijo ir televizijos r\u0117mimo fondas projektui \u201eMokslo populiarinimo laidos jaunimui\u201c skyr\u0117 6000 eur\u0173 param\u0105. Suk\u016br\u0117me 15 Mokslo sriubos laid\u0173, 12 tiesiogini\u0173 transliacij\u0173 ir para\u0161\u0117me 350 moksl\u0105 populiarinan\u010di\u0173 \u201eFacebook\u201c \u017einu\u010di\u0173.<\/p>\n<p>2017 m. vasario\u00a0m\u0117nes\u012f Vilniaus miesto savivaldyb\u0117\u00a0prat\u0119s\u0117 m\u016bs\u0173\u00a0mokslo populiarinimo laid\u0173 projekt\u0105. Savivaldyb\u0117 skyr\u0117 1000 EUR param\u0105. Projekto metu suk\u016br\u0117me 2 pa\u017eintines Mokslo sriubos laidas ir para\u0161\u0117me 160 moksl\u0105 populiarinan\u010di\u0173 \u201eFacebook\u201c \u017einu\u010di\u0173.<\/p>\n<p>2016 m. rugs\u0117jo\u00a0m\u0117nes\u012f paramos programa Geridarbai.lt projektui \u201eMokslo sriubos laidos jaunimui\u201c skyr\u0117 1600 EUR. Param\u0105 panaudojome Mokslo sriubos TV k\u016brimui \ud83d\ude42<\/p>\n<p><img loading=\"lazy\" decoding=\"async\" class=\"alignnone wp-image-1569\" src=\"http:\/\/mokslosriuba.lt\/kartumesgalime\/wp-content\/uploads\/2013\/10\/GeriDarbai.jpg\" alt=\"\" width=\"258\" height=\"90\" \/><\/p>\n<p>2016 m. baland\u017eio m\u0117nes\u012f Vilniaus miesto savivaldyb\u0117\u00a0prat\u0119s\u0117 m\u016bs\u0173\u00a0mokslo populiarinimo laid\u0173 projekt\u0105. Savivaldyb\u0117 skyr\u0117 1000 EUR param\u0105.<\/p>\n<p>2016 m. Spaudos, radijo ir televizijos r\u0117mimo fondas m\u016bs\u0173 projektui \u201eMokslo populiarinimo laidos jaunimui\u201c skyr\u0117 4000 eur\u0173 param\u0105.<\/p>\n<p>2015 m. Spaudos, radijo ir televizijos r\u0117mimo fondas m\u016bs\u0173 projektui \u201eMokslo populiarinimo laidos jaunimui\u201c skyr\u0117 4000 eur\u0173 param\u0105.<\/p>\n<p>2015 m. rugs\u0117jo m\u0117nes\u012f paramos programa Geridarbai.lt projektui \u201eMokslo sriubos laidos jaunimui\u201c skyr\u0117 1500 EUR.\u00a0Param\u0105 panaudojome filmavimo \u012frangos \u012fsigijimui ir nuomai.<\/p>\n<p>2015 m. baland\u017eio m\u0117nes\u012f pareng\u0117m mokslo populiarinimo laid\u0173 projekt\u0105. Vilniaus miesto savivaldyb\u0117 skyr\u0117 1000 EUR param\u0105. Projekto metu suk\u016br\u0117me 2 pa\u017eintines Mokslo sriubos laidas ir para\u0161\u0117me 160 moksl\u0105 populiarinan\u010di\u0173 \u201eFacebook\u201c \u017einu\u010di\u0173.<\/p>\n<p>2014 m. rugs\u0117jo m\u0117nes\u012f Spaudos, radijo ir televizijos r\u0117mimo fondui pateik\u0117me projekt\u0105 \u201eMokslo populiarinimo laidos jaunimui\u201c. Fondas skyr\u0117 4000 eur\u0173 param\u0105. Suk\u016br\u0117me 8 pa\u017eintines Mokslo sriubos laidas ir para\u0161\u0117me 180 moksl\u0105 populiarinan\u010di\u0173 \u201eFacebook\u201c \u017einu\u010di\u0173.<\/p>\n<p>2014 m. rugpj\u016b\u010dio m\u0117nes\u012f paramos programa Geridarbai.lt projektui \u201e\u0160vie\u010diamosios Mokslo sriubos laidos\u201c skyr\u0117 5000 Lt.\u00a0Param\u0105 panaudojome filmavimo \u012frangos nuomai ir \u012fsigijimui.<\/p>\n<p>2014 m. bir\u017eelio m\u0117nes\u012f pareng\u0117m mokslo populiarinimo socialiniame tinkle \u201eFacebook\u201c projekt\u0105. Vilniaus miesto savivaldyb\u0117 skyr\u0117 1000 Lt param\u0105. Suorganizavome 10 mokslo populiarinimo konkurs\u0173 ir para\u0161\u0117me daugiau nei 200 moksl\u0105 populiarinan\u010di\u0173 \u017einu\u010di\u0173.<\/p>\n<p>2013 m. rugs\u0117jo m\u0117nes\u012f para\u0161\u0117m projekt\u0105 \u201eMokslo populiarinimo laidos jaunimui\u201c ir pateik\u0117m Spaudos, radijo ir televizijos r\u0117mimo fondui. Projektas s\u0117kmingai patvirtintas! Fondas skyr\u0117 10000 Lt. Projekto metu suk\u016br\u0117me 6 pa\u017eintines Mokslo sriubos laidas.<\/p>\n<p>2013 m. rugpj\u016bt\u012f organizavome mokslo populiarinimo klip\u0173 k\u016brybines dirbtuves! Sukurtus klipus parod\u0117me 3-iojo \u201eMokslo sriubos\u201c sezono laidose. Vilniaus miesto savivaldyb\u0117 dirbtuv\u0117ms skyr\u0117 1000 Lt.<\/p>\n<p>2013 m. liepos m\u0117nes\u012f dalyvavome privac\u030ciu\u0328 organizaciju\u0328, vykdanc\u030ciu\u0328 mokslinius tyrimus, asociacijos \u201eSCIENTIA LIBERA\u201c rengiamose ekskursijoje \u201ePa\u017eintine\u0307s ekskursijos po Lietuvos auk\u0161tu\u0328ju\u0328 technologiju\u0328 i\u0328mones ir laboratorijas\u201c. Su studentais aplank\u0117me UAB \u201eBrolis Semiconductors\u201c, UAB \u201eRubedo sistemos\u201c, UAB \u201ePrecizika-MET SC\u201c, UAB \u201eVittamed Technologijos\u201c ir UAB \u201eBiotechpharma\u201c mokslininkus. Buvo j\u0117ga! Nuotraukos galerijoje.<\/p>\n<p><img loading=\"lazy\" decoding=\"async\" class=\"alignnone wp-image-47\" src=\"http:\/\/mokslosriuba.lt\/kartumesgalime\/wp-content\/uploads\/2013\/10\/Socialinis_fondas.jpg\" alt=\"\" width=\"240\" height=\"97\" \/><\/p>\n<p>2013 m. ES programai \u201eVeiklus jaunimas\u201c para\u0161\u0117me projekt\u0105 \u201eMokslo populiarinimo laid\u0173 apie Lietuvos mokslinink\u0173 darbus k\u016brimas\u201c. Projektas d\u017eiaugsmingai patvirtintas ir \u012fgyvendinimui skirta 4390 EUR subsidija! Projekto metu suk\u016br\u0117me 10 pa\u017eintini\u0173 Mokslo sriubos laid\u0173.<\/p>\n<p><img loading=\"lazy\" decoding=\"async\" class=\"alignnone size-full wp-image-208\" src=\"http:\/\/mokslosriuba.lt\/kartumesgalime\/wp-content\/uploads\/2013\/11\/Veiklus-jaunimas.jpg\" alt=\"\" width=\"320\" height=\"92\" \/><\/p>\n<p>2013 m. dalyvavome \u201eK\u016brybini\u0173 partnerys\u010di\u0173\u201c projekte. Kalvarijos savivaldyb\u0117s Jung\u0117n\u0173 pagrindin\u0117je mokykloje su 7-8 klasi\u0173 mokiniais k\u016br\u0117me \u012fdomius mokomuosius filmukus matematikos, fizikos temomis <a href=\"http:\/\/www.youtube.com\/JungenuTV\" target=\"_blank\" rel=\"noopener\">http:\/\/www.youtube.com\/JungenuTV<\/a>.<\/p>\n<p><img loading=\"lazy\" decoding=\"async\" class=\"alignnone size-full wp-image-51\" src=\"http:\/\/mokslosriuba.lt\/kartumesgalime\/wp-content\/uploads\/2013\/10\/856418_474617152602671_1952495314_o.jpg\" alt=\"\" width=\"400\" height=\"225\" \/><\/p>\n","protected":false},"excerpt":{"rendered":"<p>2026 m. \u012fgyvendiname mokslo populiarinimo projekt\u0105 \u201eMokslas ar\u010diau tav\u0119s\u201c. \u0160\u012f projekt\u0105 i\u0161 dalies finansuoja Medij\u0173 r\u0117mimo fondas. Fondas skirs 6200 eur\u0173 param\u0105. 2023 m. Spaudos, radijo ir televizijos r\u0117mimo fondas [&hellip;]<\/p>\n","protected":false},"author":1,"featured_media":7522,"parent":0,"menu_order":0,"comment_status":"open","ping_status":"open","template":"","meta":{"om_disable_all_campaigns":false,"_monsterinsights_skip_tracking":false,"_monsterinsights_sitenote_active":false,"_monsterinsights_sitenote_note":"","_monsterinsights_sitenote_category":0,"_themeisle_gutenberg_block_has_review":false,"footnotes":""},"class_list":["post-14","page","type-page","status-publish","has-post-thumbnail","hentry","pb-post","pb-item","pb-col-xl-4 pb-col-m-6 pb-col-s-12","pb-animate pb-animated "],"aioseo_notices":[],"_links":{"self":[{"href":"https:\/\/mokslosriuba.lt\/kartumesgalime\/wp-json\/wp\/v2\/pages\/14","targetHints":{"allow":["GET"]}}],"collection":[{"href":"https:\/\/mokslosriuba.lt\/kartumesgalime\/wp-json\/wp\/v2\/pages"}],"about":[{"href":"https:\/\/mokslosriuba.lt\/kartumesgalime\/wp-json\/wp\/v2\/types\/page"}],"author":[{"embeddable":true,"href":"https:\/\/mokslosriuba.lt\/kartumesgalime\/wp-json\/wp\/v2\/users\/1"}],"replies":[{"embeddable":true,"href":"https:\/\/mokslosriuba.lt\/kartumesgalime\/wp-json\/wp\/v2\/comments?post=14"}],"version-history":[{"count":4,"href":"https:\/\/mokslosriuba.lt\/kartumesgalime\/wp-json\/wp\/v2\/pages\/14\/revisions"}],"predecessor-version":[{"id":8732,"href":"https:\/\/mokslosriuba.lt\/kartumesgalime\/wp-json\/wp\/v2\/pages\/14\/revisions\/8732"}],"wp:featuredmedia":[{"embeddable":true,"href":"https:\/\/mokslosriuba.lt\/kartumesgalime\/wp-json\/wp\/v2\/media\/7522"}],"wp:attachment":[{"href":"https:\/\/mokslosriuba.lt\/kartumesgalime\/wp-json\/wp\/v2\/media?parent=14"}],"curies":[{"name":"wp","href":"https:\/\/api.w.org\/{rel}","templated":true}]}}